
Suppose 0 = 5*s - 2*s - 5*p - 55, -109 = -5*s + 4*p. Suppose -777 = -3*f - 16*d + 13*d, -1033 = -4*f - 5*d. What is the remainder when f is divided by s?
12
What is the remainder when 394 is divided by (-2)/11 + -12*2323/(-3036)?
7
Let l(y) = y - 17. Let k be ((-6)/(-4))/(-2 + 27/14). Let o = k - -64. What is the remainder when o is divided by l(28)?
10
Suppose 28 = j - 5. Suppose 3*o = 3*h - 4*h + 52, o = -2*h + 79. Suppose -5*q + 65 + h = -4*f, f = 5*q - 93. What is the remainder when j is divided by q?
15
Calculate the remainder when 228 is divided by 134/((-7)/(49/(-14))).
27
Suppose 4*d = -1101*m + 1096*m + 457, 0 = -m + 4*d + 77. Calculate the remainder when m is divided by 14.
5
Let w = 92 - 99. What is the remainder when w/(105/114)*-5 is divided by 20?
18
Let h = 1939 + -1910. Calculate the remainder when 186 is divided by h.
12
Let g be 6276/48 - (-6)/(-8). Suppose -149*u + 836 = -g*u. Calculate the remainder when 437 is divided by u.
41
Let z(v) = -v**3 + 14*v**2 + 41*v + 105. Calculate the remainder when z(-6) is divided by 96.
3
What is the remainder when 421 + 31 - (2 + 6) is divided by 203?
38
Let z(r) = 28*r**2 - 508*r - 19. Calculate the remainder when z(20) is divided by 293.
142
Suppose -5*n + 124 + 151 = 0. Calculate the remainder when ((-51)/272 - (-110)/(-96))/(2/(-1068)) is divided by n.
52
Let o = -8821 - -9584. What is the remainder when o is divided by 95?
3
Let o(s) = -4*s + 17. Let n(x) = 4*x - 45. Suppose p - 3 + 1 = -3*t, -t = 4*p - 52. Calculate the remainder when o(-9) is divided by n(p).
9
Suppose 423 = 5*d + 4*q - 1874, 5*q = -10. Suppose -754 = -421*t + 408*t. What is the remainder when d is divided by t?
55
Suppose 2*w - 5*w - 3*f - 15 = 0, -4 = f. Let g be ((-1)/(-3))/(w/12) + 0. Calculate the remainder when ((-18)/g)/((-3)/(-18)) is divided by 8.
3
Let a(o) = -o**2 + 26*o + 10. Let q(r) be the first derivative of 3*r**2 - 7*r + 4. What is the remainder when a(23) is divided by q(5)?
10
Let p = -234 + 162. Let v be p/(-4)*(-12)/9. Let j = v + 49. Calculate the remainder when j is divided by 15.
10
Suppose -51 = -g + b - 2*b, 0 = -3*g + 2*b + 153. What is the remainder when -1*(0 - -2) + -39 + 273 + -68 is divided by g?
11
Let p = 361 - 361. Suppose -2*g = d - 117, -2*d - 2*g = -p*g - 226. Calculate the remainder when d is divided by 1/(-2)*(3 + -25).
10
Let u = -2526 + 2707. What is the remainder when 368 is divided by u?
6
Let i = -125 + 128. What is the remainder when 77 is divided by i*(-20)/15 + 43?
38
Suppose -86*c + 337517 + 63207 = -18*c. Calculate the remainder when c is divided by 22.
19
Let u be (-132 + (2 - -1))*3/9. Let t = u + 15. Let h = t + 46. What is the remainder when 88 is divided by h?
16
Suppose 4*v - 2334 = -2*h, -7*v + 5783 = -2*h + 1726. What is the remainder when v is divided by 34?
3
Suppose -4*o + 135 = -s - 344, -2*s = -o + 125. Suppose 2*k - 58 = -y, 25*k = -2*y + 22*k + o. What is the remainder when y is divided by 24?
16
Suppose 66*w - m = 64*w + 69, -2*w - 3*m + 81 = 0. What is the remainder when 2367 is divided by w?
27
What is the remainder when 903 is divided by ((-112)/6)/(10 - (-968)/(-96))?
7
Let s = -23766 - -25226. Calculate the remainder when s is divided by 183.
179
Suppose 0 = -13*p - 4515 + 62950. What is the remainder when p is divided by 1498?
1
Let y(u) = u - 17. Let h(b) = -b + 1. Let d(n) = 3*h(n) + y(n). Calculate the remainder when (-1 - 327/6)*-2 is divided by d(-15).
15
Suppose 5*p - 149 = 96. Let d be 2198/p + (-1)/(-7). Suppose 5*j = -2*m + d, j + 8 = -0*j + 3*m. Calculate the remainder when 13 is divided by j.
6
Let n = 51 + -31. Suppose 3*o - 16 - n = 0. Calculate the remainder when 14 is divided by o*-3*(-5)/30.
2
Suppose -5*k = -2*f - 20, -8*f - 7 = -7*f - 4*k. Let n = 25 + f. Suppose 0 = n*z - 5*z - 10. Calculate the remainder when 12 is divided by z.
0
Let n(q) = 31 - 9*q + 2*q + 2*q. Let x be n(10). Let k = 2 - x. Calculate the remainder when 80 is divided by k.
17
Let u(l) = -6*l - 222. Let g be u(-17). Calculate the remainder when 257 is divided by (g/18)/(1/(-3)).
17
Let z(s) = -6*s + 58. Let f be z(17). Let u = 65 + f. Calculate the remainder when u is divided by 3.
0
Let w(n) = -2*n**2 + 45*n - 128. Calculate the remainder when 657 is divided by w(14).
107
Suppose t - 3 - 2 = 0. Suppose 5*u + t*l = 90, 0 = u + 5*l - 7*l - 6. What is the remainder when u is divided by (-18)/(-4) - (-4)/(-8)?
2
Suppose 0 = 2*y + 4 - 30. Suppose 11*z + 11733 - 414 = 0. Let a = 1065 + z. Calculate the remainder when a is divided by y.
10
Let d be 19 + 0/(-3) + -4. Let p = d + 71. Let w = p + -51. Calculate the remainder when 242 is divided by w.
32
Let q be (0 + 48/(-40))*40. What is the remainder when 195 is divided by 4*(q/(-18))/((-3)/(-18))?
3
Let j be (-20)/(-50) + (-874)/10. Suppose 4*y = -3*c + 501, -y + 4*y = c - 167. Let q = j + c. Calculate the remainder when q is divided by 27.
26
Let i = -251 + 415. Let g = i + -147. Calculate the remainder when 79 is divided by g.
11
Let r(u) = 23*u**2 - 4*u. What is the remainder when 3305 is divided by r(1)?
18
Let i = -39812 + 39842. Suppose 2*z = 7 - 1. Calculate the remainder when i is divided by z.
0
Suppose -63*m = -13207 - 6764. Suppose 3*r - 3*s + 19 - 64 = 0, 2*r = 3*s + 25. Calculate the remainder when m is divided by r.
17
Let s(a) be the first derivative of a**4/4 + 2*a**3 - a**2 - 10*a + 3. Let v be s(-6). What is the remainder when 24 is divided by v/(-7) + 144/14?
4
Let n(w) = w**3 + 8*w**2 + 9*w. Suppose 2*s = -16*x + 12*x + 110, -4*s - 77 = -3*x. Calculate the remainder when x is divided by n(-6).
9
Suppose 60*r + 115538 = 101*r. What is the remainder when r is divided by 94?
92
Let s be 11/2 + (-114)/76. Suppose 3*z - 5*g = 206, s*z - 5*g + 196 = 7*z. Calculate the remainder when z is divided by 17.
16
Let q be ((-18)/24)/(-4*(-4)/448). What is the remainder when 67 is divided by (-63)/(-147) - 453/q?
1
Let q = 1970 + -1950. Calculate the remainder when 98 is divided by q.
18
Suppose 3*w = 5*j - 86, -24 = -4*j + 4*w + 40. Let b(q) = -2*q + 78. Calculate the remainder when b(j) is divided by 7.
5
Let h = -576 - -627. Calculate the remainder when 820/14 - ((-54)/(-21) + -2) is divided by h.
7
Suppose -11*i + 11*i = -26*i + 728. What is the remainder when 47*4/1 - -2 is divided by i?
22
Suppose -52*d - 82988 = -186967 - 81245. What is the remainder when d is divided by 54?
52
Suppose -19*x + 15*x = -8. Suppose x*s = 5 - 1. Suppose -s*m - m = 4*t - 181, 92 = m - 5*t. What is the remainder when m is divided by 14?
11
Let q(o) = -3*o**3 - 3*o**2 - o - 1. Suppose 0 = b - 47*s + 751 - 258, -b + 151 = -s. Calculate the remainder when b is divided by q(-3).
53
Let l = 1267 - -2601. Calculate the remainder when l is divided by 11.
7
Suppose -4*z + 1411 = -705. Suppose z*b - 531*b = -190. Calculate the remainder when b is divided by 14.
11
Let x = -60 - -159. Let o = 174 - x. What is the remainder when o is divided by 11?
9
Calculate the remainder when ((-28189501)/6457)/(2/(-22)) is divided by 174.
173
Let j(k) = -k**3 + 2*k**2 + 7*k - 1. Let x(z) = z - 28. Let i be x(16). Let q = 15 + i. Calculate the remainder when 42 is divided by j(q).
9
Suppose -56*u = -46*u + 70. Calculate the remainder when 93/(-217) - 395/u is divided by 28.
0
Suppose -5*b + 96 = 2*m, 2*m - 4*b - 82 = -2*b. Suppose 0*i - 3*i = -18. What is the remainder when m is divided by (-9)/(-54) + (65/i - 0)?
10
Suppose -192 = 33*p - 41*p. Let q = 397 - 730. What is the remainder when p is divided by 4/(-10) + q/(-45)?
3
Suppose -2*k - 3*k + 81 = -o, 5*k - 101 = -4*o. Let u(p) = 2*p + 9. Calculate the remainder when u(k) is divided by 15.
13
What is the remainder when 255 is divided by 9 - (-51)/(-3) - 400/(-2)?
63
What is the remainder when 398 - (-1 + (-84)/6) is divided by 70?
63
Suppose f - 12 = -2*f. Let c(o) = -1 + o**2 + 8*o**2 - 31*o - 3*o + 3. Calculate the remainder when c(4) is divided by f.
2
Suppose 8457*n = 8466*n - 108. What is the remainder when 6/(-21) - 956/(-14) is divided by n?
8
Suppose 0 = 45*p - 2924 - 316. Calculate the remainder when p is divided by ((-45)/6)/((-2)/4).
12
What is the remainder when 353 - 26*3/6 is divided by 41?
12
Let w = 528 + -321. What is the remainder when w is divided by 79?
49
Suppose -34 =